[INFO] cloning repository https://github.com/MdTeach/EllipticCurve_Archives
[INFO] running `Command { std: "git" "-c" "credential.helper=" "-c" "credential.helper=/workspace/cargo-home/bin/git-credential-null" "clone" "--bare" "https://github.com/MdTeach/EllipticCurve_Archives" "/workspace/cache/git-repos/https%3A%2F%2Fgithub.com%2FMdTeach%2FEllipticCurve_Archives", kill_on_drop: false }`
[INFO] [stderr] Cloning into bare repository '/workspace/cache/git-repos/https%3A%2F%2Fgithub.com%2FMdTeach%2FEllipticCurve_Archives'...
[INFO] running `Command { std: "git" "rev-parse" "HEAD", kill_on_drop: false }`
[INFO] [stdout] 6ef0c7ff5bb87ba0876e14656ff9843dfa010254
[INFO] checking MdTeach/EllipticCurve_Archives against master#9610dfe5a9a731ced1ea4923ecbd0c57fe367898 for beta-170-4
[INFO] running `Command { std: "git" "clone" "/workspace/cache/git-repos/https%3A%2F%2Fgithub.com%2FMdTeach%2FEllipticCurve_Archives" "/workspace/builds/worker-3-tc1/source", kill_on_drop: false }`
[INFO] [stderr] Cloning into '/workspace/builds/worker-3-tc1/source'...
[INFO] [stderr] done.
[INFO] validating manifest of git repo https://github.com/MdTeach/EllipticCurve_Archives on toolchain 9610dfe5a9a731ced1ea4923ecbd0c57fe367898
[INFO] running `Command { std: CARGO_HOME="/workspace/cargo-home" RUSTUP_HOME="/workspace/rustup-home" "/workspace/cargo-home/bin/cargo" "+9610dfe5a9a731ced1ea4923ecbd0c57fe367898" "metadata" "--manifest-path" "Cargo.toml" "--no-deps", kill_on_drop: false }`
[INFO] started tweaking git repo https://github.com/MdTeach/EllipticCurve_Archives
[INFO] finished tweaking git repo https://github.com/MdTeach/EllipticCurve_Archives
[INFO] tweaked toml for git repo https://github.com/MdTeach/EllipticCurve_Archives written to /workspace/builds/worker-3-tc1/source/Cargo.toml
[INFO] crate git repo https://github.com/MdTeach/EllipticCurve_Archives already has a lockfile, it will not be regenerated
[INFO] running `Command { std: CARGO_HOME="/workspace/cargo-home" RUSTUP_HOME="/workspace/rustup-home" "/workspace/cargo-home/bin/cargo" "+9610dfe5a9a731ced1ea4923ecbd0c57fe367898" "fetch" "--manifest-path" "Cargo.toml", kill_on_drop: false }`
[INFO] [stderr]  Downloading crates ...
[INFO] [stderr]   Downloaded az v1.2.0
[INFO] [stderr]   Downloaded rug v1.15.0
[INFO] [stderr]   Downloaded gmp-mpfr-sys v1.4.7
[INFO] running `Command { std: "docker" "create" "-v" "/var/lib/crater-agent-workspace/builds/worker-3-tc1/target:/opt/rustwide/target:rw,Z" "-v" "/var/lib/crater-agent-workspace/builds/worker-3-tc1/source:/opt/rustwide/workdir:ro,Z" "-v" "/var/lib/crater-agent-workspace/cargo-home:/opt/rustwide/cargo-home:ro,Z" "-v" "/var/lib/crater-agent-workspace/rustup-home:/opt/rustwide/rustup-home:ro,Z" "-e" "SOURCE_DIR=/opt/rustwide/workdir" "-e" "CARGO_TARGET_DIR=/opt/rustwide/target" "-e" "CARGO_HOME=/opt/rustwide/cargo-home" "-e" "RUSTUP_HOME=/opt/rustwide/rustup-home" "-w" "/opt/rustwide/workdir" "-m" "1610612736" "--user" "0:0" "--network" "none" "ghcr.io/rust-lang/crates-build-env/linux@sha256:19e73879b68f455e41552ea35293514db52ea292d993f571636dbffedb77a1ee" "/opt/rustwide/cargo-home/bin/cargo" "+9610dfe5a9a731ced1ea4923ecbd0c57fe367898" "metadata" "--no-deps" "--format-version=1", kill_on_drop: false }`
[INFO] [stdout] bc4be01a8bf9993e8309a5155ffe8754b994084568a230478df3cc48c529b9a4
[INFO] running `Command { std: "docker" "start" "-a" "bc4be01a8bf9993e8309a5155ffe8754b994084568a230478df3cc48c529b9a4", kill_on_drop: false }`
[INFO] running `Command { std: "docker" "inspect" "bc4be01a8bf9993e8309a5155ffe8754b994084568a230478df3cc48c529b9a4", kill_on_drop: false }`
[INFO] running `Command { std: "docker" "rm" "-f" "bc4be01a8bf9993e8309a5155ffe8754b994084568a230478df3cc48c529b9a4", kill_on_drop: false }`
[INFO] [stdout] bc4be01a8bf9993e8309a5155ffe8754b994084568a230478df3cc48c529b9a4
[INFO] running `Command { std: "docker" "create" "-v" "/var/lib/crater-agent-workspace/builds/worker-3-tc1/target:/opt/rustwide/target:rw,Z" "-v" "/var/lib/crater-agent-workspace/builds/worker-3-tc1/source:/opt/rustwide/workdir:ro,Z" "-v" "/var/lib/crater-agent-workspace/cargo-home:/opt/rustwide/cargo-home:ro,Z" "-v" "/var/lib/crater-agent-workspace/rustup-home:/opt/rustwide/rustup-home:ro,Z" "-e" "SOURCE_DIR=/opt/rustwide/workdir" "-e" "CARGO_TARGET_DIR=/opt/rustwide/target" "-e" "CARGO_INCREMENTAL=0" "-e" "RUST_BACKTRACE=full" "-e" "RUSTFLAGS=--cap-lints=forbid" "-e" "RUSTDOCFLAGS=--cap-lints=forbid" "-e" "CARGO_HOME=/opt/rustwide/cargo-home" "-e" "RUSTUP_HOME=/opt/rustwide/rustup-home" "-w" "/opt/rustwide/workdir" "-m" "1610612736" "--user" "0:0" "--network" "none" "ghcr.io/rust-lang/crates-build-env/linux@sha256:19e73879b68f455e41552ea35293514db52ea292d993f571636dbffedb77a1ee" "/opt/rustwide/cargo-home/bin/cargo" "+9610dfe5a9a731ced1ea4923ecbd0c57fe367898" "check" "--frozen" "--all" "--all-targets" "--message-format=json", kill_on_drop: false }`
[INFO] [stdout] ef3a6ce79e65b853fe879e3dda50f441383da4b4f53f882ea9daafd43a1d42bc
[INFO] running `Command { std: "docker" "start" "-a" "ef3a6ce79e65b853fe879e3dda50f441383da4b4f53f882ea9daafd43a1d42bc", kill_on_drop: false }`
[INFO] [stderr]    Compiling libc v0.2.121
[INFO] [stderr]    Compiling gmp-mpfr-sys v1.4.7
[INFO] [stderr]    Compiling az v1.2.0
[INFO] [stderr]    Compiling rug v1.15.0
[INFO] [stderr]     Checking ecdsa v0.1.0 (/opt/rustwide/workdir)
[INFO] [stdout] warning: unused import: `ops::PowAssign`
[INFO] [stdout]    --> src/lib.rs:110:24
[INFO] [stdout]     |
[INFO] [stdout] 110 |     use rug::{Integer, ops::PowAssign};
[INFO] [stdout]     |                        ^^^^^^^^^^^^^^
[INFO] [stdout]     |
[INFO] [stdout]     = note: `#[warn(unused_imports)]` on by default
[INFO] [stdout] 
[INFO] [stdout] 
[INFO] [stdout] error[E0277]: can't compare `&bool` with `bool`
[INFO] [stdout]   --> src/lib.rs:46:13
[INFO] [stdout]    |
[INFO] [stdout] 46 |             assert_eq!(&self.is_on_curve(p1),true);
[INFO] [stdout]    |             ^^^^^^^^^^^^^^^^^^^^^^^^^^^^^^^^^^^^^^ no implementation for `&bool == bool`
[INFO] [stdout]    |
[INFO] [stdout]    = help: the trait `PartialEq<bool>` is not implemented for `&bool`
[INFO] [stdout]    = help: the trait `PartialEq` is implemented for `bool`
[INFO] [stdout]    = note: this error originates in the macro `assert_eq` (in Nightly builds, run with -Z macro-backtrace for more info)
[INFO] [stdout] 
[INFO] [stdout] 
[INFO] [stdout] error[E0277]: can't compare `&bool` with `bool`
[INFO] [stdout]   --> src/lib.rs:46:13
[INFO] [stdout]    |
[INFO] [stdout] 46 |             assert_eq!(&self.is_on_curve(p1),true);
[INFO] [stdout]    |             ^^^^^^^^^^^^^^^^^^^^^^^^^^^^^^^^^^^^^^ no implementation for `&bool == bool`
[INFO] [stdout]    |
[INFO] [stdout]    = help: the trait `PartialEq<bool>` is not implemented for `&bool`
[INFO] [stdout]    = help: the trait `PartialEq` is implemented for `bool`
[INFO] [stdout]    = note: this error originates in the macro `assert_eq` (in Nightly builds, run with -Z macro-backtrace for more info)
[INFO] [stdout] 
[INFO] [stdout] 
[INFO] [stdout] error[E0277]: can't compare `&bool` with `bool`
[INFO] [stdout]   --> src/lib.rs:47:13
[INFO] [stdout]    |
[INFO] [stdout] 47 |             assert_eq!(&self.is_on_curve(p2),true);
[INFO] [stdout]    |             ^^^^^^^^^^^^^^^^^^^^^^^^^^^^^^^^^^^^^^ no implementation for `&bool == bool`
[INFO] [stdout]    |
[INFO] [stdout]    = help: the trait `PartialEq<bool>` is not implemented for `&bool`
[INFO] [stdout]    = help: the trait `PartialEq` is implemented for `bool`
[INFO] [stdout]    = note: this error originates in the macro `assert_eq` (in Nightly builds, run with -Z macro-backtrace for more info)
[INFO] [stdout] 
[INFO] [stdout] 
[INFO] [stdout] error[E0277]: can't compare `&bool` with `bool`
[INFO] [stdout]   --> src/lib.rs:47:13
[INFO] [stdout]    |
[INFO] [stdout] 47 |             assert_eq!(&self.is_on_curve(p2),true);
[INFO] [stdout]    |             ^^^^^^^^^^^^^^^^^^^^^^^^^^^^^^^^^^^^^^ no implementation for `&bool == bool`
[INFO] [stdout]    |
[INFO] [stdout]    = help: the trait `PartialEq<bool>` is not implemented for `&bool`
[INFO] [stdout]    = help: the trait `PartialEq` is implemented for `bool`
[INFO] [stdout]    = note: this error originates in the macro `assert_eq` (in Nightly builds, run with -Z macro-backtrace for more info)
[INFO] [stdout] 
[INFO] [stdout] 
[INFO] [stdout] error: aborting due to 2 previous errors; 1 warning emitted
[INFO] [stdout] 
[INFO] [stdout] 
[INFO] [stdout] For more information about this error, try `rustc --explain E0277`.
[INFO] [stdout] 
[INFO] [stdout] error: aborting due to 2 previous errors
[INFO] [stdout] 
[INFO] [stdout] 
[INFO] [stdout] For more information about this error, try `rustc --explain E0277`.
[INFO] [stdout] 
[INFO] [stderr] error: could not compile `ecdsa` (lib test) due to 3 previous errors; 1 warning emitted
[INFO] [stderr] warning: build failed, waiting for other jobs to finish...
[INFO] [stderr] error: could not compile `ecdsa` (lib) due to 3 previous errors
[INFO] running `Command { std: "docker" "inspect" "ef3a6ce79e65b853fe879e3dda50f441383da4b4f53f882ea9daafd43a1d42bc", kill_on_drop: false }`
[INFO] running `Command { std: "docker" "rm" "-f" "ef3a6ce79e65b853fe879e3dda50f441383da4b4f53f882ea9daafd43a1d42bc", kill_on_drop: false }`
[INFO] [stdout] ef3a6ce79e65b853fe879e3dda50f441383da4b4f53f882ea9daafd43a1d42bc
